 l**2 - 1. Let g(b) = 2*b**2 + 6*b + 3. Let c(m) = -g(m) + 4*o(m). What is the units digit of c(14)?
1
Let z(s) = 2*s**2 + 21*s - 319. What is the thousands digit of z(43)?
4
Suppose 110 = 2*f - 126. What is the units digit of f?
8
Let y = 14 + -4. Let w(m) = -m**3 + 10*m**2 + 2*m - 18. Let p be w(y). Suppose 3*r - 81 = -3*z, 4*r + 0*z + p*z = 118. What is the units digit of r?
2
Let o = 292 - -151. What is the units digit of o?
3
Let d = 5320 - 761. What is the hundreds digit of d?
5
What is the thousands digit of (-23541)/(-6) - (-2 - 11/(-22))?
3
Let z be 370/70 + (-2)/7. Suppose -z*q = -3*x - 40, -4*x - q = -2*q + 25. What is the units digit of x + 1 - (-6 - 10)?
2
Suppose -n - 7083 = -3*g, -66*n + 71*n = -15. What is the thousands digit of g?
2
Let c = 293 - 285. Let i be 2/(-2) + (1 - 1). What is the tens digit of (-8)/c + (-33)/i?
3
Suppose -3*v - h = -6, 3*h = -7 - 2. What is the units digit of 84 + v/((-15)/20)?
0
Let b = 5591 + -3444. What is the units digit of b?
7
Suppose 0 = -2*k - 4*d - 130, 0 = -4*k + k - 3*d - 210. Let u = k + 241. What is the tens digit of u?
6
Let i(x) = -x**2 + 8*x + 5. Let r be i(8). Suppose -2*y - 81 = -r*y. What is the tens digit of y?
2
Let n(w) be the second derivative of w**5/20 - 2*w**4/3 - 7*w**3/3 + 2*w**2 + w. What is the units digit of n(10)?
4
Let j(v) = 2*v + 4. Let p be j(3). Let b = p + 7. Let i = 15 + b. What is the units digit of i?
2
Suppose -55170 = 866*g - 875*g. What is the tens digit of g?
3
Suppose 5*x - 4*x - 18 = 0. Let q be ((3*7)/3)/((-3)/3). Let b = x + q. What is the tens digit of b?
1
Let l(o) = -o**3 - 56*o**2 + 125*o + 74. What is the hundreds digit of l(-59)?
1
Suppose -9372 = -12*x + x. Suppose x = 11*j - 8*j. What is the units digit of j?
4
Suppose 0 = -5*k + 20, -2*u + 2824 = -34*k + 35*k. What is the units digit of u?
0
Suppose 254 = 36*d - 37*d. Let k = 367 + d. What is the tens digit of k?
1
Suppose 87 = -3*k + 6*k. Suppose -f = 4*p - 63, -k = -3*p - 5*f - 3. What is the tens digit of p?
1
Suppose 5*d + x - 974 = 0, 2*x + 139 = -4*d + 917. What is the hundreds digit of d?
1
Let a = -106 + 110. What is the units digit of 3284/16 - 1/a?
5
Let m(y) = y**2 - 10*y - 4*y - y**3 + 2 - 6*y + 25*y. What is the units digit of m(-3)?
3
Let v(l) = -15*l + 7. Let z be v(-8). Suppose -4*r = -85 - z. What is the units digit of r?
3
Let c(q) = q**3 + 7*q**2 - 8*q + 1. Let h be c(-7). Suppose -h*k = -59*k + 102. What is the units digit of k?
1
What is the units digit of 9824/14 - 70/98?
1
Let d(f) = -2*f**2 - f + 18. Let w be (2 + -4 - -2)/1. What is the tens digit of d(w)?
1
Suppose 110*g - 176400 = 75*g. What is the tens digit of g?
4
Let n = -62 - -420. What is the tens digit of n?
5
Let l(n) = 4*n - 8 - 5*n + 12*n**2 - 3*n + 0*n. What is the hundreds digit of l(-3)?
1
Suppose 0 = n, 2*d + 5*n - 2680 - 936 = 0. What is the units digit of d?
8
Suppose g - 7 = -18. Let p be (-3)/1*266/(-57). Let j = g + p. What is the units digit of j?
3
Let g(z) = 14*z + 5. Let v be g(2). Let d = v + 194. What is the tens digit of d?
2
What is the hundreds digit of (-265)/((-51)/(-9) + -6)?
7
Let i be (12/14)/(-4 + 54/14). What is the units digit of 13/((-26)/220)*3/i?
5
Let v = -118 - -110. Let m(w) = -24*w - 15. What is the tens digit of m(v)?
7
Suppose 0 = -z - 3*z + 20, -4*v + 591 = -z. Let b = v + -1. What is the units digit of b?
8
Let h(o) = 16 + 4 - 5*o - 15 + 72. What is the units digit of h(-11)?
2
Let b be (-189)/6*(-4 + 64/(-12)). Suppose -4*p + 2*o = -b, 3*o = 4*p - 2*o - 297. What is the units digit of p?
3
Let c(j) = 6*j**3 - 3*j**2 - 12*j + 32. What is the hundreds digit of c(3)?
1
Let i be 3*(4 - 6/2) + 559. Let g = -244 + i. What is the units digit of g?
8
Let y(j) = 75*j**2 - 9 - 41*j**2 - 33*j**2 - 4*j. What is the hundreds digit of y(16)?
1
Suppose 0*s - 5*s + 2*o + 18 = 0, 2*s - 3*o - 16 = 0. Suppose s*d = 7*d - 425. What is the units digit of d?
5
Let n(s) = s**2 + 12*s - 8. Let k be n(-13). Suppose 0 = 5*a + k, -a = 4*f - 2*a - 53. What is the units digit of f?
3
Suppose 46 = -x + 47, 0 = -2*h - 5*x + 2109. What is the tens digit of h?
5
Suppose 0 = t + w - 1315, 1657 = -4*t - 5*w + 6920. What is the tens digit of t?
1
Let b be (-2)/(-4)*(-154)/11. Let h = b - -54. What is the tens digit of h?
4
Let u = -39 - -42. Suppose 4*f = -u*f + 7. What is the units digit of f?
1
Let l(a) = -10*a - 15. Let i(r) = 9*r + 16. Let s(n) = -5*i(n) - 4*l(n). Let y be s(-10). Suppose 2*o + o = y. What is the tens digit of o?
1
Let f = -48 - -19. Let r = f + 73. What is the units digit of r?
4
Let t(c) = 2*c**2 - 23*c + 80. What is the thousands digit of t(36)?
1
Let t(m) = -m**2 + 4*m. Let h be t(3). Let w be 5/h*21/1. Suppose d - 16 = w. What is the units digit of d?
1
Let k = 6 - 1. Suppose 3*o = k*o + 12. What is the units digit of 18*((-2)/o)/1?
6
Suppose 0*r = -t + 3*r + 52, 5*r - 200 = -5*t. Let i = t + -29. What is the units digit of i?
4
Let t(y) = -4*y**2 - y - 1. Let v be t(-1). Let s = 1 - v. Suppose -2*p - z = -5*p + 18, 0 = 2*p + s*z - 12. What is the units digit of p?
6
Let y(s) = 8*s + 6. Let f be y(6). Let z = 41 + f. What is the tens digit of z?
9
What is the tens digit of 4260/8*(-9)/((-81)/6)?
5
Let i be 2 + 15 - (8 - 6). What is the tens digit of (i/(-4))/(1/(-8))?
3
Let u = 91 - 238. Let l = u + 326. What is the units digit of l?
9
Let h(c) = 43*c + 1. Let y be 2*5/10*1. What is the units digit of h(y)?
4
Suppose 21*s - 19*s = 1002. What is the units digit of s?
1
Let f(x) = 27*x - 12. Let b be 2/7 - 95/(-35). What is the tens digit of f(b)?
6
Let m(f) = -6*f - 3. Let d(c) = 5*c + 3. Let i(a) = 5*d(a) + 4*m(a). Let t be i(0). Suppose 0 = t*q - 4*q + 4. What is the units digit of q?
4
Let x = -1396 - -1492. What is the tens digit of x?
9
Suppose -2*o = 2*w, 2*o - w - 3 = 4*o. What is the tens digit of -16*(o + (-5)/20)?
5
Suppose 0 = -2*m + 3*m - l - 125, 395 = 3*m + l. What is the units digit of m?
0
What is the units digit of -66 + 74 + 443*1?
1
Let l be (-104)/(-10) - 2/5. Let g be l/(-65) + 756/13. Suppose -4*w + g = -30. What is the units digit of w?
2
Let j be -2 - (1 - (13 + -2)). Let x be (j - 1)*(-8)/(-28). Suppose -x*m + 5*v = 4*v - 82, 0 = m + 4*v - 50. What is the units digit of m?
2
Suppose -4*r - 4*n = -7252, 2*r - 26*n - 3629 = -25*n. What is the tens digit of r?
1
Let v = -29 + 27. What is the units digit of v + 1 + -1 + 53?
1
Suppose 5*b + 15 = -55. Let g = 5 + b. What is the units digit of (-3)/g + (-89)/(-3)?
0
Let c be -90*(0 - 2/3). Let i = 4 + c. What is the units digit of i?
4
Let q(o) = -o**3 - 8*o**2 + 9*o - 1. Let v be q(-9). Let x be 4*-1*v/(-1). Let b = x - -54. What is the tens digit of b?
5
Let u(t) = 2 + 7 + 3*t + 1 - 4. Let o = -10 - -16. What is the units digit of u(o)?
4
Let f be (0 - (3 - 1)) + 1. Let z(c) = c**3 - c**2 - c + 1. Let d(y) = 8*y**2 + 2*y - 10. Let u(p) = f*d(p) - z(p). What is the tens digit of u(-7)?
1
Let p(i) = -3*i**3 + 2*i**2 + 3*i + 3. Let g = -52 + 50. What is the tens digit of p(g)?
2
Let v = -10 - -36. Suppose 5*m + v = 6. Let o = m + 8. What is the units digit of o?
4
Suppose 277*h + 4805 = 282*h. What is the tens digit of h?
6
Let l(w) = 7*w + 37. What is the units digit of l(7)?
6
Let i(t) = 1416*t + 93. What is the tens digit of i(2)?
2
Suppose 0 = -5*f + b - 215, 5*f - 3*b = -215 - 10. What is the units digit of (-3 + (f - 0))*(-24)/9?
0
Let r(s) be the second derivative of s**3/3 - s**2/2 - 6*s. Let k be r(2). Suppose k*h - 240 = -h. What is the units digit of h?
0
Suppose 3*z - 1686 = -3*q + 6*z, -5*q - 2*z = -2789. What is the hundreds digit of q?
5
Suppose -2*k + 3*a - 289 = -3*k, -2*a = 2*k - 562. What is the hundreds digit of k?
2
Let o(i) = -i**2 - 6*i - 5. Suppose 3 = -3*n, 2*y = 5*y - 3*n + 12. Let s be o(y). Suppose s = 3*t - v + 2 - 66, -4*t + 4*v = -88. What is the tens digit of t?
2
Let d(a) = -5*a**3 - 3*a**2 - 7*a + 8. What is the units digit of d(-6)?
2
Let r(a) = -a**3 - 9*a**2 + 22*a - 7. Let u be r(-10). Let t = -81 - u. What is the units digit of t?
6
Let r(i) be the second derivative of 6*i**2 + 0 + 1/6*i**3 + 6*i. What is the units digit of r(-4)?
8
Let r = -61 + 158. What is the tens digit of r?
9
Let a(o) be the second derivative of o**4/4 + o**3/6 + o**2/2 + 19*o. Let d = 6 - 4. What 